95?
False
Is 18 a factor of 13496670?
True
Is 61 a factor of 239547?
True
Is 17777639 a multiple of 342?
False
Is 7160174 a multiple of 172?
False
Does 68 divide 200495?
False
Is 3 a factor of 61776?
True
Is 44 a factor of 31897?
False
Is 33112 a multiple of 40?
False
Is 276184 a multiple of 255?
False
Does 1809 divide 8014748?
False
Is 6 a factor of 108586?
False
Is 139 a factor of 358545?
False
Is 14 a factor of 5880?
True
Does 220 divide 236720?
True
Does 459 divide 638010?
True
Does 31 divide 275621?
True
Is 160465 a multiple of 49?
False
Is 22 a factor of 2660664?
False
Is 10900008 a multiple of 756?
True
Does 85 divide 29580?
True
Is 142 a factor of 1835634?
True
Does 66 divide 21530?
False
Is 19 a factor of 2831608?
True
Is 73 a factor of 36930?
False
Does 42 divide 18480?
True
Does 58 divide 201658?
False
Does 7 divide 13000?
False
Does 570 divide 1448940?
True
Is 45994 a multiple of 58?
True
Does 983 divide 3367311?
False
Is 1004 a factor of 3163604?
True
Does 8 divide 252272?
True
Is 80 a factor of 2244400?
True
Is 5 a factor of 2613471?
False
Is 14619438 a multiple of 675?
False
Is 9 a factor of 48802?
False
Does 7 divide 1195364?
False
Is 43 a factor of 603419?
True
Is 36048 a multiple of 194?
False
Is 48 a factor of 5596320?
True
Is 20582880 a multiple of 411?
True
Is 1089574 a multiple of 53?
True
Is 14029 a multiple of 48?
False
Is 38 a factor of 1338018?
True
Is 78237 a multiple of 436?
False
Does 6 divide 22114?
False
Is 92 a factor of 396060?
True
Is 729606 a multiple of 162?
False
Is 17 a factor of 522571?
False
Is 11 a factor of 5149805?
False
Is 2058563 a multiple of 146?
False
Is 622067 a multiple of 659?
False
Is 1542291 a multiple of 23?
False
Is 1248040 a multiple of 82?
True
Does 220 divide 4377552?
False
Does 3 divide 114105?
True
Does 648 divide 547560?
True
Is 678192 a multiple of 16?
True
Is 2301726 a multiple of 49?
True
Is 250 a factor of 1301500?
True
Is 655 a factor of 4744820?
True
Is 122135 a multiple of 3?
False
Is 28385 a multiple of 2?
False
Is 6 a factor of 42444?
True
Does 49 divide 3971080?
False
Does 47 divide 425844?
False
Does 4 divide 16740?
True
Is 31 a factor of 174096?
True
Does 171 divide 147402?
True
Is 3038761 a multiple of 12?
False
Does 62 divide 286247?
False
Is 4666896 a multiple of 52?
True
Does 361 divide 3010681?
False
Does 12 divide 3348744?
True
Does 24 divide 7725988?
False
Is 2054592 a multiple of 41?
True
Does 1824 divide 17200320?
True
Is 161461 a multiple of 2?
False
Is 8 a factor of 122329?
False
Is 4 a factor of 846752?
True
Does 1255 divide 7957955?
True
Is 199170 a multiple of 18?
True
Is 15378480 a multiple of 18?
True
Is 349148 a multiple of 169?
False
Does 79 divide 84846?
True
Is 8606034 a multiple of 54?
True
Does 6 divide 13738136?
False
Is 45 a factor of 4640490?
True
Does 11 divide 78232?
True
Is 27018 a multiple of 57?
True
Is 9 a factor of 20622?
False
Is 152 a factor of 3694360?
True
Does 496 divide 400641?
False
Is 2316879 a multiple of 106?
False
Is 253454 a multiple of 353?
True
Is 7205216 a multiple of 48?
False
Is 6852 a multiple of 440?
False
Does 433 divide 6429266?
False
Does 34 divide 16864?
True
Is 21 a factor of 52951?
False
Is 251912 a multiple of 18?
False
Is 29 a factor of 2777156?
True
Is 428 a factor of 23787812?
True
Is 459020 a multiple of 295?
True
Is 26 a factor of 380573?
False
Is 43878 a multiple of 19?
False
Is 227760 a multiple of 292?
True
Is 228317 a multiple of 380?
False
Is 41 a factor of 136396?
False
Does 109 divide 6532043?
True
Is 287 a factor of 54817?
True
Does 70 divide 4620?
True
Is 537 a factor of 991302?
True
Is 18678309 a multiple of 1157?
False
Is 1828536 a multiple of 122?
True
Is 1310814 a multiple of 156?
False
Is 3408636 a multiple of 62?
True
Does 183 divide 11895?
True
Does 112 divide 760627?
False
Is 206319 a multiple of 8?
False
Is 12 a factor of 4781364?
True
Is 29 a factor of 963438?
True
Is 6 a factor of 7368660?
True
Is 16855 a multiple of 446?
False
Does 302 divide 24248044?
False
Is 739 a factor of 13585776?
True
Is 178 a factor of 926846?
True
Does 152 divide 174212?
False
Is 140001 even?
False
Is 1189574 a multiple of 9?
False
Does 195 divide 988278?
False
Does 1244 divide 10162236?
True
Is 203476 a multiple of 8?
False
Is 1381 a factor of 9745717?
True
Does 275 divide 1658525?
True
Is 54 a factor of 803902?
False
Does 23 divide 453031?
True
Is 656 a factor of 2139695?
False
Does 8 divide 31288?
True
Is 7150281 a multiple of 13?
False
Does 32 divide 1473152?
True
Does 282 divide 22560?
True
Does 11 divide 4409394?
True
Is 198 a factor of 39499?
False
Does 858 divide 2985840?
True
Is 1475592 a multiple of 92?
False
Is 26 a factor of 1464424?
True
Is 6 a factor of 1395234?
True
Is 132122 a multiple of 178?
False
Is 166 a factor of 300558?
False
Is 4172365 a multiple of 41?
True
Is 115 a factor of 26910414?
False
Does 8 divide 182433?
False
Is 25 a factor of 127103?
False
Does 2 divide 7262?
True
Is 23 a factor of 162357?
True
Is 15855017 a multiple of 18?
False
Does 17 divide 2443818?
True
Does 37 divide 196655?
True
Does 73 divide 1017328?
True
Is 220212 a multiple of 31?
False
Is 100361 a multiple of 20?
False
Does 377 divide 10798411?
True
Is 81 a factor of 2537573?
False
Is 195 a factor of 663930?
False
Is 28 a factor of 14913?
False
Is 7 a factor of 260894?
False
Is 8787 a multiple of 124?
False
Does 42 divide 22802?
False
Does 267 divide 166341?
True
Does 97 divide 193030?
True
Is 164 a factor of 789904?
False
Is 501690 a multiple of 14?
True
Does 13 divide 13043832?
False
Is 40029 a multiple of 13?
False
Does 42 divide 181398?
True
Is 1502347 a multiple of 51?
False
Does 10 divide 332470?
True
Is 167 a factor of 33162?
False
Is 20010 a multiple of 354?
False
Is 15 a factor of 82391?
False
Is 36020 a multiple of 170?
False
Does 16 divide 19408?
True
Is 48 a factor of 30320?
False
Does 478 divide 1152458?
True
Does 125 divide 295875?
True
Is 25 a factor of 524157?
False
Is 69296 a multiple of 164?
False
Is 234896 a multiple of 53?
True
Is 25 a factor of 1427775?
True
Is 11327 a multiple of 140?
False
Does 19 divide 3058259?
True
Does 36 divide 3007692?
True
Is 544788 a multiple of 36?
True
Is 2304889 a multiple of 7?
False
Does 54 divide 31795?
False
Does 97 divide 470256?
True
Is 7040006 a multiple of 34?
True
Does 47 divide 320263?
False
Is 21416 a multiple of 24?
False
Is 38 a factor of 4104?
True
Is 60 a factor of 245100?
True
Does 25 divide 3749305?
False
Is 98 a factor of 4658212?
False
Is 112 a factor of 389424?
True
Does 19 divide 1457566?
True
Is 109 a factor of 46652?
True
Does 10 divide 32871?
False
Does 3 divide 290511?
True
Is 361050 a multiple of 75?
True
Is 643059 a multiple of 153?
True
Does 5 divide 553831?
False
Is 28324 a multiple of 146?
True
Is 14 a factor of 200928?
True
Is 42 a factor of 4377011?
False
Is 3048361 a multiple of 214?
False
Is 247810 a multiple of 29?
False
Is 342258 a multiple of 609?
True
Does 52 divide 192553?
False
Does 2 divide 88473?
False
Does 510 divide 38573?
False
Does 10 divide 15548900?
True
Does 5 divide 394860?
True
Does 197 divide 1206003?
False
Is 220333 a multiple of 14?
False
Is 13 a factor of 44447?
True
Is 213669 a multiple of 3?
True
Is 241 a factor of 1373941?
True
Is 36 a factor of 85923?
False
Does 11 divide 81448?
False
Is 1029592 a multiple of 44?
False
Does 695 divide 14631140?
True
Is 58496 a multiple of 80?
False
Does 221 divide 669863?
False
Does 13 divide 4921717?
False
Is 2793624 a multiple of 172?
True
Does 4 divide 2238593?
False
Is 196 a factor of 1134678?
False
Does 290 divide 1883840?
True
Does 152 divide 15554160?
True
Is 1940120 a multiple of 14?
True
Is 2160018 a multiple of 692?
False
Does 38 divide 389006?
True
Does 143 divide 541156?
False
Does 37 divide 5461607?
True
Is 223 a factor of 654704?
False
Is 212 a factor of 232391?
False
Is 546965 a multiple of 3?
False
Does 327 divide 6259613?
False
Is 22 a factor of 2279279?
False
Is 320092 a multiple of 4?
True
Is 325568 a multiple of 32?
True
Does 12 divide 6702612?
True
Is 113 a factor of 272904?
False
Does 20 divide 406280?
True
Is 110 a factor of 283999?
False
Is 450 a factor of 166788?
False
Is 162 a factor of 10077372?
True
Does 130 divide 9131?
False
Is 10451 a multip